(-2). Suppose 4*g - n*s - 13 - 2 = 0, 0 = 5*g + 4*s - 42. What is the units digit of a(g)?
7
Let y(k) = -4*k**3 + k**2 - 5*k - 1. What is the hundreds digit of y(-3)?
1
Let x(l) = 16*l - 4 + 14 - 16*l - l**2. What is the units digit of x(0)?
0
Let d(u) = -u**3 + 18*u**2 + 31*u - 21. What is the tens digit of d(19)?
0
Suppose 125 = -0*n - 5*n. Let z = -17 - n. What is the units digit of z?
8
Let g = 18 + -13. Let s be -4*(-1)/(2/1). Let h = g - s. What is the units digit of h?
3
What is the tens digit of (54/4)/(15/20)?
1
Let u be (-30)/(-7) + (-2)/7. Let y = u - -8. What is the tens digit of 1*y + 0/1?
1
Suppose 3*d + 0*d = 6. Suppose -q + 5*c - 24 = q, -12 = q - d*c. What is the units digit of 4/(2 + 0) - q?
4
Let m(f) = 2*f**2 + 6*f. Let q be m(-4). Suppose -40 = q*p - 9*p. What is the units digit of p?
0
Suppose -59 + 205 = 3*j - 5*m, 2*j + 5*m - 89 = 0. What is the units digit of j?
7
Suppose 4*g - 7 - 65 = 0. What is the units digit of g?
8
What is the hundreds digit of (9 + -23)/((-4)/66)?
2
Suppose 4*b = -2*w + 8 + 8, -b - 1 = -2*w. Suppose -46 = -2*x - 2*y, -y - 4*y = b*x - 63. What is the tens digit of x?
2
Let d = -36 + 51. What is the units digit of d?
5
Suppose -2*h = -5*x - 387 + 18, 3*x = -3*h + 564. What is the tens digit of h?
8
Let x be -1*2*(-1 - 3). Let l(k) = -k**2 + 9*k + 1. Let g be l(x). Let y = 25 - g. What is the units digit of y?
6
Let q(s) = -s + 11. Let y(g) = -g + 12. Let m(a) = -7*q(a) + 6*y(a). Let x be m(5). What is the units digit of 16/1 + x + -1?
5
Suppose -20 = -2*i + 172. Suppose 20 = -4*k, 4*p - 3*k - i = k. What is the units digit of p?
9
Let g = -89 - -233. What is the hundreds digit of g?
1
Suppose q + 0*q = 6. Let l be (-3)/q*2*8. What is the units digit of (4/l)/(1/(-8))?
4
Let w(n) be the first derivative of n**2/2 + 9*n - 1. Let g be w(-6). Suppose 2*s = g*k - 1, -2*s - 2*k - 3 + 7 = 0. What is the units digit of s?
1
Suppose 0 = -j + d + 147, -2*j = 4*d - 3*d - 306. What is the tens digit of j?
5
Let d(v) = -v + 1. Let h be d(-1). Suppose h*w - 3*m = 3 + 4, -w = 5*m - 36. What is the tens digit of w?
1
Let y(c) = -6*c - 7. What is the tens digit of y(-5)?
2
Suppose -o + 10 + 1 = 5*i, 5*o - 15 = -5*i. Suppose i*t = -t + 12. What is the units digit of t?
4
Let u = -5 + -3. Let o = u + 15. Suppose 4*g - o = 25. What is the units digit of g?
8
Let s(z) = 2*z - 6. Let d be s(5). Suppose d*a - 45 = -1. What is the tens digit of a?
1
Let d = 2 + 0. Suppose -n - 4 = d*i - 42, 5*n = -3*i + 71. Let a = i + -8. What is the units digit of a?
9
What is the tens digit of (-2 + 220/(-8))/(1/(-2))?
5
Let i = -2 + 5. Let c be 25/i + (-1)/3. Suppose -t + c = 3*t. What is the units digit of t?
2
Let g(x) = 2*x**2 + x + 92. What is the tens digit of g(0)?
9
Let y = -9 - 0. Let r = -6 - y. Suppose 0*b + b + 4*j - 16 = 0, r*j + 21 = 2*b. What is the tens digit of b?
1
Suppose y = s - 5, 3*s = y + 4 + 17. What is the units digit of s?
8
Let a(p) = p + 14. Let i be a(-11). Suppose 5*u = -4*f + 73, -i*f = f - 5*u - 103. What is the units digit of f?
2
Let l(o) = -o**3 - o**2 + o + 3. Let c be l(0). Suppose -3*d = -c - 0. Suppose 0 = -k + 7 - d. What is the units digit of k?
6
Let i(q) = q**2 - 5*q + 2. Let b be i(3). Let v(h) = 2*h + 6. Let p be v(b). What is the units digit of 1 + -1 - p - -9?
1
Suppose 63 = -3*c + 8*c - 4*f, 0 = 3*f + 6. What is the tens digit of c?
1
Suppose 5*a = -4*u - u + 150, a - 24 = -4*u. Let p be a/5 - (-3)/5. Suppose 4*k = -p*h + 2*h + 64, -4*k - 32 = -3*h. What is the units digit of h?
2
Let v(n) = n + 6. What is the tens digit of v(5)?
1
Let u be 2/(-8) - (-340)/16. Let o = u - 12. Suppose 3*i + 3*s = 6, o*i = 4*i + 5*s + 40. What is the units digit of i?
5
Let k(p) = -13*p - 1. Let o be k(5). Let j = -42 - o. What is the tens digit of j?
2
Let m(l) = -l**2 - 13*l - 6. What is the tens digit of m(-4)?
3
Suppose 4*s - 31 = -3. Suppose -5*b = -5*o, b - s*o = -2*o - 16. Suppose -b*u = -2*u - i - 20, -2*u - 4*i = 0. What is the units digit of u?
8
What is the tens digit of ((-20)/40)/(2/(-132))?
3
Let u(w) = w + 5 - 8 + 0. What is the units digit of u(7)?
4
Suppose 3*y = y - 26. Let h(b) = -b**2 - 15*b - 17. What is the units digit of h(y)?
9
Suppose 3*q = 2*q + 230. What is the units digit of q?
0
Let k = -17 - -24. What is the units digit of k?
7
Let q be -25*(12/(-10))/(-3). Suppose 4*x + 0 = 20, -2*s - 4*x + 8 = 0. Let r = s - q. What is the units digit of r?
4
Suppose -5*u + 51 = -119. What is the tens digit of u?
3
Let l be 10/(-10) - (-3 - 0). Suppose 2*v - 14 = -j, j + l*v - 2 = 3*v. What is the units digit of j?
6
Let i(l) = 2*l**2 + 3*l - 4. Let g be i(-5). Suppose 5*c + 0*f - g = -f, -5*c - 5*f + 15 = 0. Let h = c - 3. What is the units digit of h?
4
Let d(c) = c**3 - 3*c**2 + 2*c - 3. What is the units digit of d(3)?
3
Suppose -3*i = i + 16, 0 = 4*o - 3*i - 28. Suppose o*x = 31 + 37. What is the tens digit of x?
1
Let w(a) = -a + 14. What is the units digit of w(-23)?
7
Let p be (-2)/3 + 51/9. Suppose p*n = 3 + 22. What is the units digit of n?
5
Suppose -s - 4*s + 3*v + 807 = 0, 3*v - 327 = -2*s. What is the units digit of s?
2
Let d(u) = 2*u - 7. Let l be d(8). What is the units digit of l/(-4)*(-11 + 7)?
9
Suppose -6*n = -0*n - 60. What is the units digit of n?
0
Let p be 11/(44/24) + -4. Suppose -p*j + 166 = 4*b - j, 215 = 5*b + 5*j. What is the tens digit of b?
4
Let m(g) = -g**2 - g. Let s be m(0). What is the units digit of (s - 4/(-2)) + 5?
7
Let x = 22 + 20. What is the tens digit of x?
4
Suppose 2*w - 3*w - 12 = 0. Let i = -9 - w. What is the units digit of i?
3
Let h(n) = -3*n + 1. Let a(f) = f. Let b(i) = -5*a(i) - 2*h(i). Let d be b(4). Suppose r + 14 = d*r. What is the units digit of r?
4
Suppose 4*v + 12 - 56 = 0. Suppose j - d + 39 = v, -3*j + 4*d = 88. What is the units digit of (j/9)/((-2)/3)?
4
Let n be ((-3)/(-3))/(1/(-5)). Let t = 7 - n. What is the tens digit of t?
1
Let l be 3/((-6)/(-10)) - -1. What is the units digit of ((-16)/(-6))/(l/36)?
6
Suppose 8*b - 188 = 4*b. What is the units digit of b?
7
Let p = 108 + -44. What is the tens digit of p?
6
Suppose 0 = -5*n + 256 + 34. What is the units digit of n?
8
Let v = 1 - 1. Suppose v*t - 120 = -2*t. Suppose -c - 4*c = -t. What is the tens digit of c?
1
Let a(f) = f**3 + f**2 + 24. What is the units digit of a(0)?
4
Let l = 21 - 22. Suppose -c + 14 = -3*r + 4*c, -5*r = 4*c - 26. Let s = r + l. What is the units digit of s?
1
Let h = 90 + -43. What is the units digit of h?
7
What is the tens digit of 37/(-3)*-3*1?
3
Let p(s) = -3*s - 22. Let t be p(-9). Suppose 0 = t*w + 14 - 114. What is the units digit of w?
0
Suppose -2*q = v, 0 = -5*v + 2*q + q. Let m(p) = p + 2. What is the units digit of m(v)?
2
Suppose 0 = 4*w + 5*j - 3, -j = 1. Suppose 4*q - 85 = -w*n + 3*q, 5*n = q + 209. What is the tens digit of n?
4
Let p = 114 - 80. Suppose -4*z - 4*i + 28 = 0, i = -3*z - 9 + p. Suppose -b + 4*b - z = 0. What is the units digit of b?
3
Let j = 173 + -57. What is the tens digit of j?
1
Let x = -8 - -12. Let r be (-10)/((-1)/2*x). Suppose r + 1 = 3*d. What is the units digit of d?
2
Let u be -5*(18/15)/(-1). Let t(c) = 2*c - 9. Let h be t(u). Suppose 0 = -4*p + h*l + 15, 4*l = -5*p + 11. What is the units digit of p?
3
Suppose 4*r - z = -6*z + 43, -4*z - 2 = -2*r. Suppose r*p = 3*p + 8. Suppose -12 = -p*l - 0*l. What is the units digit of l?
6
Let x(b) = -b**3 - 8*b**2 + 3*b + 9. What is the hundreds digit of x(-10)?
1
Suppose -20*r + 25*r = 175. What is the tens digit of r?
3
Let d(w) = 4*w + 45. Let h(j) = 9*j + 89. Let n(f) = 7*d(f) - 3*h(f). Let t be n(0). What is the tens digit of (t/(-15))/(3/(-15))?
1
Suppose 3 = t - 3*r, -2*t - 16 = 3*r + 2*r. Let w be (t + 1)*(-1)/(-2). What is the tens digit of w*4*(-5)/2?
1
Suppose 2*s = -2*s + 232. Suppose 0 = -j + h + 4*h - 1, -2*h = 2*j - s. Let c = j - 15. What is the units digit of c?
9
Let u = 14 + 2. Let n(d) = -d + 12. Let r be n(5). Let g = u - r. What is the units digit of g?
9
Suppose -182 = -5*x + 58. What is the units digit of x?
8
Let q be -4 + -4 + -1 + 3. Let z(a) = -a + 9. What is the tens digit of z(q)?
1
Let t(n) = -n. Let a be t(-4). Let o = 12 + a. Suppose -4*r + 48 = -o. What is the units digit of r?
6
Let j = -9 + 13. Suppose 6*v = 2*v - j. Let a(b)